{"id":159,"date":"2019-11-01T18:59:44","date_gmt":"2019-11-01T18:59:44","guid":{"rendered":"https:\/\/narubissau.wordpress.com\/?page_id=159"},"modified":"2022-10-04T10:29:25","modified_gmt":"2022-10-04T10:29:25","slug":"micro-grid","status":"publish","type":"page","link":"https:\/\/www.naru-bissau.org\/?page_id=159","title":{"rendered":"Micro Grid"},"content":{"rendered":"\n<div class=\"wp-block-media-text alignwide is-stacked-on-mobile\"><figure class=\"wp-block-media-text__media\"><img loading=\"lazy\" decoding=\"async\" width=\"1024\" height=\"768\" src=\"https:\/\/www.naru-bissau.org\/wp-content\/uploads\/2019\/11\/gabc3ba_2019-379-1024x768.jpg\" alt=\"\" class=\"wp-image-434 size-full\" srcset=\"https:\/\/www.naru-bissau.org\/wp-content\/uploads\/2019\/11\/gabc3ba_2019-379-1024x768.jpg 1024w, https:\/\/www.naru-bissau.org\/wp-content\/uploads\/2019\/11\/gabc3ba_2019-379-300x225.jpg 300w, https:\/\/www.naru-bissau.org\/wp-content\/uploads\/2019\/11\/gabc3ba_2019-379-768x576.jpg 768w\" sizes=\"auto, (max-width: 1024px) 100vw, 1024px\" \/><\/figure><div class=\"wp-block-media-text__content\">\n<p>Micro Grids sind Verbundsysteme von etwa 10-20 Haushalten mit einer Leistung von bis zu 20kWp. <\/p>\n\n\n\n<p><em>Micro-Grids s\u00e3o sistemas compostos para aproximadamente 10 a 20 agregados familiar com uma capacidade at\u00e9 20 kWp.<\/em><\/p>\n\n\n\n<p>Micro Grids sichern f\u00fcr die angeschlossenen Haushalte die  Grundbed\u00fcrfnisse bez\u00fcglich Elektrizit\u00e4t: Licht, Ventilatoren,  K\u00fchlschr\u00e4nke, Computer, TV und Radio, Aufladen von Mobiltelefonen und  tragen so unmittelbar zur Verbesserung der allgemeinen Lebensbedingungen  der Bev\u00f6lkerung bei. <\/p>\n\n\n\n<p><em>Os Micro-Grids garantem as necessidades b\u00e1sicas de eletricidade para as fam\u00edlias conectadas: Illumina\u00e7\u00e3o, ventiladores, frigor\u00edficos, computadores, TV e r\u00e1dio, carregamento dos telefones celulares e, assim, contribuem diretamente para melhorar as condi\u00e7\u00f5es de vida em geral da popula\u00e7\u00e3o.<\/em><\/p>\n<\/div><\/div>\n\n\n\n<div class=\"wp-block-media-text alignwide has-media-on-the-right is-stacked-on-mobile\"><figure class=\"wp-block-media-text__media\"><img loading=\"lazy\" decoding=\"async\" width=\"321\" height=\"240\" src=\"https:\/\/www.naru-bissau.org\/wp-content\/uploads\/2019\/11\/weitere-projekte-14.jpg\" alt=\"\" class=\"wp-image-385 size-full\" srcset=\"https:\/\/www.naru-bissau.org\/wp-content\/uploads\/2019\/11\/weitere-projekte-14.jpg 321w, https:\/\/www.naru-bissau.org\/wp-content\/uploads\/2019\/11\/weitere-projekte-14-300x224.jpg 300w\" sizes=\"auto, (max-width: 321px) 100vw, 321px\" \/><\/figure><div class=\"wp-block-media-text__content\">\n<p>Micro Grids spielen aber insbesondere eine wichtige Rolle als \u00f6konomischer Faktor, wenn sie um Kleinbetriebe (z.B. Schreinereien, metallverarbeitende Betriebe (Schweissereien, Schlossereinen), Krankenh\u00e4user, Gesundheitsstationen oder Apotheken, ein kleines Hotel, eine Tankstelle oder etwa auch eine Schule) oder kleinen Gesch\u00e4ften herum errichtet werden. Micro Grids l\u00f6sen so erste wichtige Impulse f\u00fcr eine nachhaltige \u00f6konomische Entwicklung aus.<\/p>\n\n\n\n<p><em>No entanto, os Micro-Grids desempenham um papel crucial como fator econ\u00f4mico quando s\u00e3o constru\u00eddas em torno de pequenas empresas (carpintarias,seralharias, oficinas de solda, lojas, farm\u00e1cias, hoteis, postos de gasolina) ou centros de sa\u00fade e escolas. Assim, os Micro-Grids desencadeiam os primeiros impulsos importantes para o desenvolvimento econ\u00f4mico sustent\u00e1vel.<\/em><\/p>\n<\/div><\/div>\n\n\n\n<div class=\"wp-block-media-text alignwide is-stacked-on-mobile\"><figure class=\"wp-block-media-text__media\"><img loading=\"lazy\" decoding=\"async\" width=\"1024\" height=\"768\" src=\"https:\/\/www.naru-bissau.org\/wp-content\/uploads\/2019\/11\/calequisse_2019-1785-1024x768.jpg\" alt=\"\" class=\"wp-image-411 size-full\" srcset=\"https:\/\/www.naru-bissau.org\/wp-content\/uploads\/2019\/11\/calequisse_2019-1785-1024x768.jpg 1024w, https:\/\/www.naru-bissau.org\/wp-content\/uploads\/2019\/11\/calequisse_2019-1785-300x225.jpg 300w, https:\/\/www.naru-bissau.org\/wp-content\/uploads\/2019\/11\/calequisse_2019-1785-768x576.jpg 768w\" sizes=\"auto, (max-width: 1024px) 100vw, 1024px\" \/><\/figure><div class=\"wp-block-media-text__content\">\n<p>In afrikanischen St\u00e4dten und D\u00f6rfern befinden sich h\u00e4ufig viele kleine L\u00e4den und Gesch\u00e4fte unmittelbar nebeneinander. Diese ben\u00f6tigen in der Regel wenig Strom, meist nur f\u00fcr Licht, Ventilatoren und Radios. Lebensmittell\u00e4den haben zus\u00e4tzlich einen K\u00fchlschrank oder eine Gefriertruhe f\u00fcr Getr\u00e4nke. <\/p>\n\n\n\n<p><em>Nas cidades e aldeias africanas, muitas vezes existem v\u00e1rias pequenas lojas e empresas pr\u00f3ximas umas das outras. Eles geralmente requerem pouca eletricidade, principalmente apenas para a illumina\u00e7\u00e3o, ventiladores e r\u00e1dios. As mercearias tamb\u00e9m possuem um frigor\u00edfico ou freezer para bebidas.<\/em><\/p>\n<\/div><\/div>\n\n\n\n<div class=\"wp-block-media-text alignwide has-media-on-the-right is-stacked-on-mobile\"><figure class=\"wp-block-media-text__media\"><img loading=\"lazy\" decoding=\"async\" width=\"420\" height=\"315\" src=\"https:\/\/www.naru-bissau.org\/wp-content\/uploads\/2019\/10\/calequisse-5.jpg\" alt=\"\" class=\"wp-image-39 size-full\" srcset=\"https:\/\/www.naru-bissau.org\/wp-content\/uploads\/2019\/10\/calequisse-5.jpg 420w, https:\/\/www.naru-bissau.org\/wp-content\/uploads\/2019\/10\/calequisse-5-300x225.jpg 300w\" sizes=\"auto, (max-width: 420px) 100vw, 420px\" \/><\/figure><div class=\"wp-block-media-text__content\">\n<p>Es gibt kleine Gesch\u00e4fte und Boutiquen, L\u00e4den f\u00fcr Handwerksbedarf, Elektroger\u00e4te und elektronische Artikel, kleine Gesundheitszentren und Apotheken, Friseursalons etc.<\/p>\n\n\n\n<p><em>Existem pequenas lojas e boutiques, lojas de artesanato, eletrodom\u00e9sticos e itens eletr\u00f4nicos, pequenos centros de sa\u00fade e farm\u00e1cias, sal\u00f5es de cabeleireiro etc.<\/em><\/p>\n<\/div><\/div>\n\n\n\n<div class=\"wp-block-media-text alignwide is-stacked-on-mobile\"><figure class=\"wp-block-media-text__media\"><img loading=\"lazy\" decoding=\"async\" width=\"1024\" height=\"768\" src=\"https:\/\/www.naru-bissau.org\/wp-content\/uploads\/2019\/11\/calequisse_2019-637-1024x768.jpg\" alt=\"\" class=\"wp-image-431 size-full\" srcset=\"https:\/\/www.naru-bissau.org\/wp-content\/uploads\/2019\/11\/calequisse_2019-637-1024x768.jpg 1024w, https:\/\/www.naru-bissau.org\/wp-content\/uploads\/2019\/11\/calequisse_2019-637-300x225.jpg 300w, https:\/\/www.naru-bissau.org\/wp-content\/uploads\/2019\/11\/calequisse_2019-637-768x576.jpg 768w\" sizes=\"auto, (max-width: 1024px) 100vw, 1024px\" \/><\/figure><div class=\"wp-block-media-text__content\">\n<p>In Ortschaften, in denen es keinen Strom gibt, arbeiten einige dieser Shops bislang mit den unbeliebten und teuren Generatoren, die vor oder hinter dem Laden aufgestellt werden und einen entsprechenden Ger\u00e4uschpegel nebst schlechter Luft verursachen. Eine sinnvolle L\u00f6sung w\u00e4re hier der Bau eines Micro Grids, das die Shops \u00fcber kurze Wege miteinander verbindet.<\/p>\n\n\n\n<p><em>Em locais onde n\u00e3o h\u00e1 eletricidade, algumas dessas lojas ainda funcionam com a eletricidade impopular e custosa de um gerador, que \u00e9 instalado em frente ou atr\u00e1s da loja, causando ru\u00eddo e mau ar. Uma solu\u00e7\u00e3o sensata seria construir um Micro-Grid que conecta as lojas entre si por curtas dist\u00e2ncias.<\/em><\/p>\n<\/div><\/div>\n\n\n\n<h2 class=\"wp-block-heading\"><\/h2>\n\n\n\n<p>Ein Micro Grid, das in einem Dorf errichtet wird, kann als Vorform eines sp\u00e4ter zu errichtenden Mini Grids (100-200kWp) am selben Ort geplant werden. In diesem Fall ist darauf zu achten, dass alle installierten Komponenten des Micro Grids sp\u00e4ter problemlos, das heisst ohne gr\u00f6ssere Umbauten (Standort der Module und des Technikzentrums) in das Mini Grid integriert werden k\u00f6nnen.<\/p>\n\n\n\n<p><em>Um Micro-Grid que est\u00e1 sendo constru\u00eddo em uma aldeia pode ser planejada como uma instala\u00e7\u00e3o piloto para que um Mini-Grid (100-200kWp) seja constru\u00eddo posteriormente no mesmo local. Neste caso, deve-se garantir que todos os componentes instalados do Micro-Grid posteriormente, ou seja, podem ser integrados ao Mini-Grid sem grandes modifica\u00e7\u00f5es (localiza\u00e7\u00e3o dos m\u00f3dulos e do centro t\u00e9cnico).<\/em><\/p>\n","protected":false},"excerpt":{"rendered":"<p>Micro Grids sind Verbundsysteme von etwa 10-20 Haushalten mit einer Leistung von bis zu 20kWp. Micro-Grids s\u00e3o sistemas compostos para aproximadamente 10 a 20 agregados familiar com uma capacidade at\u00e9 20 kWp. Micro Grids sichern f\u00fcr die angeschlossenen Haushalte die Grundbed\u00fcrfnisse bez\u00fcglich Elektrizit\u00e4t: Licht, Ventilatoren, K\u00fchlschr\u00e4nke, Computer, TV und Radio, Aufladen von Mobiltelefonen und tragen<a class=\"more-link\" href=\"https:\/\/www.naru-bissau.org\/?page_id=159\">Continue reading <span class=\"screen-reader-text\">&#171;Micro Grid&#187;<\/span><\/a><\/p>\n","protected":false},"author":1,"featured_media":0,"parent":0,"menu_order":0,"comment_status":"closed","ping_status":"closed","template":"","meta":{"footnotes":""},"class_list":["post-159","page","type-page","status-publish","hentry","entry"],"_links":{"self":[{"href":"https:\/\/www.naru-bissau.org\/index.php?rest_route=\/wp\/v2\/pages\/159","targetHints":{"allow":["GET"]}}],"collection":[{"href":"https:\/\/www.naru-bissau.org\/index.php?rest_route=\/wp\/v2\/pages"}],"about":[{"href":"https:\/\/www.naru-bissau.org\/index.php?rest_route=\/wp\/v2\/types\/page"}],"author":[{"embeddable":true,"href":"https:\/\/www.naru-bissau.org\/index.php?rest_route=\/wp\/v2\/users\/1"}],"replies":[{"embeddable":true,"href":"https:\/\/www.naru-bissau.org\/index.php?rest_route=%2Fwp%2Fv2%2Fcomments&post=159"}],"version-history":[{"count":12,"href":"https:\/\/www.naru-bissau.org\/index.php?rest_route=\/wp\/v2\/pages\/159\/revisions"}],"predecessor-version":[{"id":715,"href":"https:\/\/www.naru-bissau.org\/index.php?rest_route=\/wp\/v2\/pages\/159\/revisions\/715"}],"wp:attachment":[{"href":"https:\/\/www.naru-bissau.org\/index.php?rest_route=%2Fwp%2Fv2%2Fmedia&parent=159"}],"curies":[{"name":"wp","href":"https:\/\/api.w.org\/{rel}","templated":true}]}}