{"id":180,"date":"2019-11-01T19:10:54","date_gmt":"2019-11-01T19:10:54","guid":{"rendered":"https:\/\/narubissau.wordpress.com\/?page_id=180"},"modified":"2022-09-20T13:13:54","modified_gmt":"2022-09-20T13:13:54","slug":"guinea-bissau","status":"publish","type":"page","link":"https:\/\/www.naru-bissau.org\/?page_id=180","title":{"rendered":"Guinea-Bissau"},"content":{"rendered":"\n<div class=\"wp-block-media-text alignwide is-stacked-on-mobile\"><figure class=\"wp-block-media-text__media\"><img loading=\"lazy\" decoding=\"async\" width=\"285\" height=\"214\" src=\"https:\/\/www.naru-bissau.org\/wp-content\/uploads\/2019\/11\/referenzprojekte-19.jpg?w=285\" alt=\"\" class=\"wp-image-221 size-full\"\/><\/figure><div class=\"wp-block-media-text__content\">\n<p><strong>Land, Gesellschaft, Geographie und Klima<\/strong><br>Guinea  Bissau ist ein westafrikanischer  Staat am Atlantik, der n\u00f6rdliche  Nachbarstaat ist Senegal, der s\u00fcdliche Nachbarstaat Guinea-Conakry. Die  ehemalige portugiesische Kolonie erlangte erst 1975 nach 15-j\u00e4hrigem  Befreiungskampf seine  Unabh\u00e4ngigkeit. Guinea Bissau hat rund 1,8  millionen Einwohner, die trotz Landflucht weiterhin noch \u00fcberwiegend auf  dem Land leben. Mit einer Fl\u00e4che von knapp 36.000 km2 geh\u00f6rt Guinea  Bissau zu den kleineren afrikanischen L\u00e4ndern (vergl. Schweiz: 41.000  km2). Die Hauptstadt Bissau hat rund 400.000 Einwohner und ist mit  Abstand die gr\u00f6sste Stadt des Landes. Die zweitgr\u00f6sste Stadt Bafata im  Nordosten des Landes hat  40.000 Einwohner. Guinea Bissau befindet sich  s\u00fcdlich des Sahelg\u00fcrtels auf dem 11. n\u00f6rdlichen Breitengrad. Das Klima  ist tropisch. Das Land ist  fruchtbar und gr\u00fcn, auch in den Monaten der  Trockenzeit. Die  Trockenzeit dauert von November bis Mai, die Regenzeit  von Mitte Mai bis  Ende Oktober mit dem H\u00f6hepunkt August und September.  Die Temperaturen sind ganzj\u00e4hrig sehr hoch, 28-35\u00b0, im Landesinneren  \u00fcber 40\u00b0. Das Land  ist flach. Ebbe und Flut sind sehr stark, die Wasser  des Atlantiks  dringen in einem breit gef\u00e4cherten Flusssystem tief ins  Landesinnere ein und formen eine ausgedehnte Mangrovenlandschaft in  K\u00fcstenn\u00e4he. K\u00fcstenferne Gebiete pr\u00e4gt ein Landschaftsmix aus Savannen,  W\u00e4ldern und  Reisfeldern. Die weit verbreitete Anpflanzung von  Cashewb\u00e4umen bestimmt die Landschaft in vielen Gegenden. <\/p>\n\n\n\n<p>Die Bev\u00f6lkerung setzt sich aus Angeh\u00f6rigen von etwa 25 verschiedenen Ethnien zusammen, die 5 gr\u00f6ssten ethnischen Gruppen sind: Fulas, Balantas, Mandingas, Papel und Manjacos. Die offizielle Landessprache ist Portugiesisch, die Bev\u00f6lkerung bevorzugt das portugiesische Kreol, daneben gibt es zahlreiche Regionalsprachen der einzelnen Ethnien. <\/p>\n<\/div><\/div>\n\n\n\n<div class=\"wp-block-media-text alignwide has-media-on-the-right is-stacked-on-mobile\"><figure class=\"wp-block-media-text__media\"><img loading=\"lazy\" decoding=\"async\" width=\"302\" height=\"226\" src=\"https:\/\/www.naru-bissau.org\/wp-content\/uploads\/2019\/10\/calequisse-4-1.jpg?w=302\" alt=\"\" class=\"wp-image-69 size-full\" srcset=\"https:\/\/www.naru-bissau.org\/wp-content\/uploads\/2019\/10\/calequisse-4-1.jpg 302w, https:\/\/www.naru-bissau.org\/wp-content\/uploads\/2019\/10\/calequisse-4-1-300x225.jpg 300w\" sizes=\"auto, (max-width: 302px) 100vw, 302px\" \/><\/figure><div class=\"wp-block-media-text__content\">\n<p><strong>Land, Gesellschaft, Geographie und Klima<\/strong><\/p>\n\n\n\n<p>In Guinea Bissau leben Christen, Muslime und Animisten friedlich nebeneinander, wobei der Anteil der christlichen Bev\u00f6lkerung mit rund 30-35% gegen\u00fcber den westafrikanischen Nachbarl\u00e4ndern deutlich h\u00f6her ist.<br> Die Haupteinnahmequelle weiter Teile der Bev\u00f6lkerung sind die Landwirtschaft, Viehhaltung und Fischerei. <\/p>\n<\/div><\/div>\n\n\n\n<div class=\"wp-block-media-text alignwide is-stacked-on-mobile\"><figure class=\"wp-block-media-text__media\"><img loading=\"lazy\" decoding=\"async\" width=\"423\" height=\"317\" src=\"https:\/\/www.naru-bissau.org\/wp-content\/uploads\/2019\/10\/calequisse-6-1.jpg?w=423\" alt=\"\" class=\"wp-image-67 size-full\" srcset=\"https:\/\/www.naru-bissau.org\/wp-content\/uploads\/2019\/10\/calequisse-6-1.jpg 423w, https:\/\/www.naru-bissau.org\/wp-content\/uploads\/2019\/10\/calequisse-6-1-300x225.jpg 300w\" sizes=\"auto, (max-width: 423px) 100vw, 423px\" \/><\/figure><div class=\"wp-block-media-text__content\">\n<p><strong>Stromversorgung in Guinea Bissau. Aktuelle Situation<\/strong><\/p>\n\n\n\n<p>In der Hauptstadt Bissau gibt es ein \u00f6ffentliches Stromnetz, das nicht durchg\u00e4ngig 24 Stunden am Tag Strom f\u00fcr die Haushalte der Stadt liefert. Es kommt h\u00e4ufig zu Stromabschaltungen. Das Kraftwerk in Bissau wird mit Dieselkraftstoff betrieben. In der zweitgr\u00f6ssten Stadt des Landes, in Bafata, und in Gab\u00fa gibt es kleine Stromnetze, die f\u00fcr wenige Stunden am Abend Strom liefern. In allen anderen Ortschaften und auf dem Land gibt es kein \u00f6ffentliches Stromnetz. Initiativen staatlicherseits, beispielsweise eine Erweiterung des \u00f6ffentlichen Stromnetzes, sind derzeit nicht zu erwarten.<br><\/p>\n<\/div><\/div>\n\n\n\n<div class=\"wp-block-media-text alignwide has-media-on-the-right is-stacked-on-mobile\"><figure class=\"wp-block-media-text__media\"><img loading=\"lazy\" decoding=\"async\" width=\"299\" height=\"225\" src=\"https:\/\/www.naru-bissau.org\/wp-content\/uploads\/2019\/10\/calequisse-8-1.jpg?w=299\" alt=\"\" class=\"wp-image-65 size-full\"\/><\/figure><div class=\"wp-block-media-text__content\">\n<p>Ausserhalb Bissaus arbeiten Hotels, Restaurants, Kleinindustrie (z.B. Schweisser und Schreiner) sowie Eigent\u00fcmer von gr\u00f6sseren H\u00e4usern mit Strom aus Generatoren. Die Kosten f\u00fcr Dieselkraftstoff f\u00fcr den Betrieb der Generatoren sind in Relation zur Einkommenssituation des \u00fcberwiegenden Teils der Bev\u00f6lkerung sehr hoch. Generatoren sind unbeliebt. Sie sind laut, schmutzig, gesundheitssch\u00e4digend und stark reparatur-anf\u00e4llig. <\/p>\n\n\n\n<p><\/p>\n<\/div><\/div>\n\n\n\n<div class=\"wp-block-media-text alignwide is-stacked-on-mobile\"><figure class=\"wp-block-media-text__media\"><img loading=\"lazy\" decoding=\"async\" width=\"1024\" height=\"768\" src=\"https:\/\/www.naru-bissau.org\/wp-content\/uploads\/2020\/05\/Tankstelle-Bissau-1-1024x768.jpg\" alt=\"Tankstelle Bissau\" class=\"wp-image-661 size-full\" srcset=\"https:\/\/www.naru-bissau.org\/wp-content\/uploads\/2020\/05\/Tankstelle-Bissau-1-1024x768.jpg 1024w, https:\/\/www.naru-bissau.org\/wp-content\/uploads\/2020\/05\/Tankstelle-Bissau-1-300x225.jpg 300w, https:\/\/www.naru-bissau.org\/wp-content\/uploads\/2020\/05\/Tankstelle-Bissau-1-768x576.jpg 768w, https:\/\/www.naru-bissau.org\/wp-content\/uploads\/2020\/05\/Tankstelle-Bissau-1-1536x1152.jpg 1536w, https:\/\/www.naru-bissau.org\/wp-content\/uploads\/2020\/05\/Tankstelle-Bissau-1-2048x1536.jpg 2048w, https:\/\/www.naru-bissau.org\/wp-content\/uploads\/2020\/05\/Tankstelle-Bissau-1-1568x1176.jpg 1568w\" sizes=\"auto, (max-width: 1024px) 100vw, 1024px\" \/><\/figure><div class=\"wp-block-media-text__content\">\n<p>Auf dem Land versorgen Taschenlampen und Kerosin- und Petroleumlampen die Bev\u00f6lkerung mit Licht, deren Verwendung \u00e4usserst gesundheitssch\u00e4digend ist. <\/p>\n<\/div><\/div>\n\n\n\n<div class=\"wp-block-media-text alignwide has-media-on-the-right is-stacked-on-mobile\"><figure class=\"wp-block-media-text__media\"><img loading=\"lazy\" decoding=\"async\" width=\"1024\" height=\"768\" src=\"https:\/\/www.naru-bissau.org\/wp-content\/uploads\/2020\/05\/Tankstelle-Bissau-2-1024x768.jpg\" alt=\"Tankstelle Bissau 2\" class=\"wp-image-662 size-full\" srcset=\"https:\/\/www.naru-bissau.org\/wp-content\/uploads\/2020\/05\/Tankstelle-Bissau-2-1024x768.jpg 1024w, https:\/\/www.naru-bissau.org\/wp-content\/uploads\/2020\/05\/Tankstelle-Bissau-2-300x225.jpg 300w, https:\/\/www.naru-bissau.org\/wp-content\/uploads\/2020\/05\/Tankstelle-Bissau-2-768x576.jpg 768w, https:\/\/www.naru-bissau.org\/wp-content\/uploads\/2020\/05\/Tankstelle-Bissau-2-1536x1152.jpg 1536w, https:\/\/www.naru-bissau.org\/wp-content\/uploads\/2020\/05\/Tankstelle-Bissau-2-2048x1536.jpg 2048w, https:\/\/www.naru-bissau.org\/wp-content\/uploads\/2020\/05\/Tankstelle-Bissau-2-1568x1176.jpg 1568w\" sizes=\"auto, (max-width: 1024px) 100vw, 1024px\" \/><\/figure><div class=\"wp-block-media-text__content\">\n<p>Seit einigen Jahren gibt es auf den M\u00e4rkten verschiedene Kleinstanlagen zu kaufen, z.B. LED-Lampen mit eingebauter Batterie und kleinen Modulen von 0,5 \u2013 3W Leistung oder 5 und 10W-Module f\u00fcr die Stromversorgung eines Radios w\u00e4hrend der Sonnenstunden am Tag.<\/p>\n<\/div><\/div>\n\n\n\n<div class=\"wp-block-media-text alignwide is-stacked-on-mobile\"><figure class=\"wp-block-media-text__media\"><img loading=\"lazy\" decoding=\"async\" width=\"298\" height=\"223\" src=\"https:\/\/www.naru-bissau.org\/wp-content\/uploads\/2019\/10\/referenzprojekte-6.jpg?w=298\" alt=\"\" class=\"wp-image-57 size-full\"\/><\/figure><div class=\"wp-block-media-text__content\">\n<p><strong>Stromversorgung in Guinea Bissau. Aktuelle Situation<\/strong><\/p>\n\n\n\n<p>Seit einigen Jahren ist einerseits die Entstehung kleiner lokaler, aber zumeist nur kurzlebiger Netze zu beobachten, die einen begrenzten Raum mit Generatorstrom zu ausgesprochen hohen Preisen versorgen (umgerechnet z.T. mehr als 1\u20ac \/ kWh).<br> Das Fehlen einer fl\u00e4chendeckenden und stabilen Stromversorgung ist heute das gr\u00f6sste Hindernis f\u00fcr den Beginn einer nachhaltigen \u00f6konomischen Entwicklung. <\/p>\n<\/div><\/div>\n\n\n\n<p><\/p>\n","protected":false},"excerpt":{"rendered":"<p>Land, Gesellschaft, Geographie und KlimaGuinea Bissau ist ein westafrikanischer Staat am Atlantik, der n\u00f6rdliche Nachbarstaat ist Senegal, der s\u00fcdliche Nachbarstaat Guinea-Conakry. Die ehemalige portugiesische Kolonie erlangte erst 1975 nach 15-j\u00e4hrigem Befreiungskampf seine Unabh\u00e4ngigkeit. Guinea Bissau hat rund 1,8 millionen Einwohner, die trotz Landflucht weiterhin noch \u00fcberwiegend auf dem Land leben. Mit einer Fl\u00e4che von knapp<a class=\"more-link\" href=\"https:\/\/www.naru-bissau.org\/?page_id=180\">Continue reading <span class=\"screen-reader-text\">&#171;Guinea-Bissau&#187;<\/span><\/a><\/p>\n","protected":false},"author":1,"featured_media":0,"parent":0,"menu_order":0,"comment_status":"closed","ping_status":"closed","template":"","meta":{"footnotes":""},"class_list":["post-180","page","type-page","status-publish","hentry","entry"],"_links":{"self":[{"href":"https:\/\/www.naru-bissau.org\/index.php?rest_route=\/wp\/v2\/pages\/180","targetHints":{"allow":["GET"]}}],"collection":[{"href":"https:\/\/www.naru-bissau.org\/index.php?rest_route=\/wp\/v2\/pages"}],"about":[{"href":"https:\/\/www.naru-bissau.org\/index.php?rest_route=\/wp\/v2\/types\/page"}],"author":[{"embeddable":true,"href":"https:\/\/www.naru-bissau.org\/index.php?rest_route=\/wp\/v2\/users\/1"}],"replies":[{"embeddable":true,"href":"https:\/\/www.naru-bissau.org\/index.php?rest_route=%2Fwp%2Fv2%2Fcomments&post=180"}],"version-history":[{"count":4,"href":"https:\/\/www.naru-bissau.org\/index.php?rest_route=\/wp\/v2\/pages\/180\/revisions"}],"predecessor-version":[{"id":686,"href":"https:\/\/www.naru-bissau.org\/index.php?rest_route=\/wp\/v2\/pages\/180\/revisions\/686"}],"wp:attachment":[{"href":"https:\/\/www.naru-bissau.org\/index.php?rest_route=%2Fwp%2Fv2%2Fmedia&parent=180"}],"curies":[{"name":"wp","href":"https:\/\/api.w.org\/{rel}","templated":true}]}}