{"id":184,"date":"2019-11-01T19:11:06","date_gmt":"2019-11-01T19:11:06","guid":{"rendered":"https:\/\/narubissau.wordpress.com\/?page_id=184"},"modified":"2022-09-20T13:13:34","modified_gmt":"2022-09-20T13:13:34","slug":"stromversorgung-in-guinea-bissau-aktuelle-situation","status":"publish","type":"page","link":"https:\/\/www.naru-bissau.org\/?page_id=184","title":{"rendered":"Stromversorgung in Guinea-Bissau, Aktuelle Situation \/  Fornecimento de energia el\u00e9trica na Guin\u00e9-Bissau, situa\u00e7\u00e3o atual"},"content":{"rendered":"\n<div class=\"wp-block-media-text alignwide is-stacked-on-mobile\" style=\"grid-template-columns:48% auto\"><figure class=\"wp-block-media-text__media\"><img loading=\"lazy\" decoding=\"async\" width=\"428\" height=\"286\" src=\"https:\/\/www.naru-bissau.org\/wp-content\/uploads\/2019\/11\/Stromversorgung-in-Bissau.jpg\" alt=\"\" class=\"wp-image-558 size-full\" srcset=\"https:\/\/www.naru-bissau.org\/wp-content\/uploads\/2019\/11\/Stromversorgung-in-Bissau.jpg 428w, https:\/\/www.naru-bissau.org\/wp-content\/uploads\/2019\/11\/Stromversorgung-in-Bissau-300x200.jpg 300w\" sizes=\"auto, (max-width: 428px) 100vw, 428px\" \/><\/figure><div class=\"wp-block-media-text__content\">\n<p class=\"has-normal-font-size\"><strong>Stromversorgung in Guinea-Bissau. Aktuelle Situation<\/strong><\/p>\n\n\n\n<p>In der Hauptstadt Bissau gibt es ein \u00f6ffentliches Stromnetz, das nicht durchg\u00e4ngig 24 Stunden am Tag Strom f\u00fcr die Haushalte der Stadt liefert. Es kommt h\u00e4ufig zu Stromabschaltungen. Das Kraftwerk in Bissau wird mit Dieselkraftstoff betrieben. In der zweitgr\u00f6ssten Stadt des Landes, in Bafata, und auch in Gab\u00fa gibt es kleine Stromnetze, die f\u00fcr wenige Stunden am Abend Strom liefern. <\/p>\n\n\n\n<p class=\"has-normal-font-size\"><em><strong>Fornecimento de energia el\u00e9trica na Guin\u00e9-Bissau, situa\u00e7\u00e3o atual <\/strong> <\/em><\/p>\n\n\n\n<p><em>Na capital, Bissau, existe uma rede de energia p\u00fablica, que n\u00e3o fornece continuamente eletricidade para as fam\u00edlias na cidade durante 24 horas. H\u00e1 frequentes cortes de energia.  O central em Bissau \u00e9 alimentado por combust\u00edvel diesel.   Na segunda maior cidade do pa\u00eds, em Bafata e tamb\u00e9m em Gab\u00fa existem pequenas redes el\u00e9tricas que fornecem eletricidade por algumas horas \u00e0 noite.<\/em><\/p>\n<\/div><\/div>\n\n\n\n<div class=\"wp-block-media-text alignwide has-media-on-the-right is-stacked-on-mobile\" style=\"grid-template-columns:auto 48%\"><figure class=\"wp-block-media-text__media\"><img loading=\"lazy\" decoding=\"async\" width=\"636\" height=\"425\" src=\"https:\/\/www.naru-bissau.org\/wp-content\/uploads\/2019\/11\/Stromversorgung-in-Bissau-2.jpg\" alt=\"\" class=\"wp-image-559 size-full\" srcset=\"https:\/\/www.naru-bissau.org\/wp-content\/uploads\/2019\/11\/Stromversorgung-in-Bissau-2.jpg 636w, https:\/\/www.naru-bissau.org\/wp-content\/uploads\/2019\/11\/Stromversorgung-in-Bissau-2-300x200.jpg 300w\" sizes=\"auto, (max-width: 636px) 100vw, 636px\" \/><\/figure><div class=\"wp-block-media-text__content\">\n<p>In allen anderen Ortschaften und auf dem Land gibt es kein \u00f6ffentliches Stromnetz. Initiativen staatlicherseits, beispielsweise eine Erweiterung des \u00f6ffentlichen Stromnetzes, sind derzeit nicht zu erwarten.<\/p>\n\n\n\n<p><em>Em todas as outras cidades e no pa\u00eds n\u00e3o existe uma rede el\u00e9trica p\u00fablica. Iniciativas por parte do estado, como a expans\u00e3o da rede p\u00fablica de energia, n\u00e3o s\u00e3o atualmente esperadas.<\/em><\/p>\n<\/div><\/div>\n\n\n\n<div class=\"wp-block-media-text alignwide is-stacked-on-mobile\"><figure class=\"wp-block-media-text__media\"><img loading=\"lazy\" decoding=\"async\" width=\"1024\" height=\"768\" src=\"https:\/\/www.naru-bissau.org\/wp-content\/uploads\/2019\/11\/Stromversorgung-in-Bissau-4-1024x768.jpg\" alt=\"\" class=\"wp-image-561 size-full\" srcset=\"https:\/\/www.naru-bissau.org\/wp-content\/uploads\/2019\/11\/Stromversorgung-in-Bissau-4-1024x768.jpg 1024w, https:\/\/www.naru-bissau.org\/wp-content\/uploads\/2019\/11\/Stromversorgung-in-Bissau-4-300x225.jpg 300w, https:\/\/www.naru-bissau.org\/wp-content\/uploads\/2019\/11\/Stromversorgung-in-Bissau-4-768x576.jpg 768w, https:\/\/www.naru-bissau.org\/wp-content\/uploads\/2019\/11\/Stromversorgung-in-Bissau-4-1536x1152.jpg 1536w, https:\/\/www.naru-bissau.org\/wp-content\/uploads\/2019\/11\/Stromversorgung-in-Bissau-4-2048x1536.jpg 2048w, https:\/\/www.naru-bissau.org\/wp-content\/uploads\/2019\/11\/Stromversorgung-in-Bissau-4-1568x1176.jpg 1568w\" sizes=\"auto, (max-width: 1024px) 100vw, 1024px\" \/><\/figure><div class=\"wp-block-media-text__content\">\n<p>Ausserhalb Bissaus arbeiten Hotels, Restaurants, Kleinindustrie (z.B. Schweisser und Schreiner) sowie Eigent\u00fcmer von gr\u00f6sseren H\u00e4usern mit Strom aus Generatoren. Die Kosten f\u00fcr Dieselkraftstoff f\u00fcr den Betrieb der Generatoren sind in Relation zur Einkommenssituation des \u00fcberwiegenden Teils der Bev\u00f6lkerung sehr hoch. Generatoren sind unbeliebt. Sie sind laut, schmutzig, gesundheitssch\u00e4digend und stark reparaturanf\u00e4llig. <\/p>\n\n\n\n<p><em>Fora de Bissau, hot\u00e9is, restaurantes, pequenas ind\u00fastrias (por exemplo, soldadores e carpinteiros), al\u00e9m dos propriet\u00e1rios de casas grandes, trabalham com eletricidade de geradores.<\/em> <em>Os custos do combust\u00edvel diesel para operar os geradores s\u00e3o muito altos em rela\u00e7\u00e3o as receitas da maioria da popula\u00e7\u00e3o. Geradores s\u00e3o impopulares. Eles s\u00e3o barulhentos, sujos, prejudiciais \u00e0 sa\u00fade e sens\u00edveis para as repara\u00e7\u00f5e<\/em><\/p>\n\n\n\n<p>Auf dem Land versorgen Taschenlampen und Kerosin- und Petroleumlampen die Bev\u00f6lkerung mit Licht, deren Verwendung \u00e4usserst gesundheitssch\u00e4digend ist. Seit einigen Jahren gibt es auf den M\u00e4rkten verschiedene Kleinstanlagen zu kaufen, z.B. LED-Lampen mit eingebauter Batterie und kleinen Modulen von 0,5 \u2013 3W Leistung oder 5 und 10W-Module f\u00fcr die Stromversorgung eines Radios w\u00e4hrend der Sonnenstunden am Tag. <\/p>\n\n\n\n<p><em>No interior, lanternas e l\u00e2mpadas de querosene e petr\u00f3leo fornecem luz \u00e0 popula\u00e7\u00e3o, cuja utiliza\u00e7\u00e3o \u00e9 extremamente prejudicial \u00e0 sa\u00fade. Desde alguns anos, existem v\u00e1rios pequenos sistemas \u00e0 venda no mercado, por exemplo, l\u00e2mpadas LED com baterias embutidas e pequenos m\u00f3dulos com a pot\u00eancia de 0,5-3W&nbsp; ou m\u00f3dulos de 5 e 10W como fonte de alimenta\u00e7\u00e3o de um r\u00e1dio durante as horas de sol por dia.<\/em><\/p>\n<\/div><\/div>\n\n\n\n<div class=\"wp-block-media-text alignwide has-media-on-the-right is-stacked-on-mobile\"><figure class=\"wp-block-media-text__media\"><img loading=\"lazy\" decoding=\"async\" width=\"2816\" height=\"2112\" src=\"https:\/\/www.naru-bissau.org\/wp-content\/uploads\/2019\/11\/calequisse_2019-1791.jpg?w=1024\" alt=\"\" class=\"wp-image-247 size-full\" srcset=\"https:\/\/www.naru-bissau.org\/wp-content\/uploads\/2019\/11\/calequisse_2019-1791.jpg 2816w, https:\/\/www.naru-bissau.org\/wp-content\/uploads\/2019\/11\/calequisse_2019-1791-300x225.jpg 300w, https:\/\/www.naru-bissau.org\/wp-content\/uploads\/2019\/11\/calequisse_2019-1791-768x576.jpg 768w, https:\/\/www.naru-bissau.org\/wp-content\/uploads\/2019\/11\/calequisse_2019-1791-1024x768.jpg 1024w\" sizes=\"auto, (max-width: 2816px) 100vw, 2816px\" \/><\/figure><div class=\"wp-block-media-text__content\">\n<p>Solaranlagen gibt es noch wenige, nur vereinzelnd sind einige Einzelh\u00e4user reicherer Bev\u00f6lkerungsschichten mit einer Solaranlage ausgestattet. Viele dieser Anlagen funktionieren oft nur f\u00fcr wenige Monate. Die Gr\u00fcnde daf\u00fcr sind vielf\u00e4ltig: Verwendung von nicht an die harten klimatischen Bedingungen angepassten Komponenten niedriger Qualit\u00e4t, nicht-fachgerechte Installation, Mangel an Fachkr\u00e4ften f\u00fcr Service und Wartung der Anlagen. <\/p>\n\n\n\n<p><em>Ainda existem poucos sistemas solares, apenas algumas casas individuais, das camadas da popula\u00e7\u00e3o mais ricas,  est\u00e3o equipadas com um sistema solar.  Muitos destes sistemas, funcionam apenas por alguns meses.  H\u00e1 diversas raz\u00f5es para isso: uso de componentes de baixa qualidade que n\u00e3o s\u00e3o adaptados \u00e0s condi\u00e7\u00f5es clim\u00e1ticas adversas, instala\u00e7\u00e3o inadequada, falta de especialistas para servi\u00e7o e manuten\u00e7\u00e3o dos sistemas.<\/em><\/p>\n\n\n\n<p>Zur Zeit gibt es zwei von NGOs finanzierte Mini Grids in Guinea Bissau, die f\u00fcr wenige Tausend Menschen Solarstrom liefern: in Bambadinga (im Zentrum Guinea Bissaus, 200kWp, er\u00f6ffnet 2016) und in Contuboel (im Nordosten, 100kWp, er\u00f6ffnet 2017). F\u00fcr die n\u00e4chsten Jahre geplant sind die Errichtung weiterer zwei Mini Grids in Bolama und Bubaque, beide auf dem Bijagos Archipel. In den letzten Jahren wurden zahlreiche Solar-Strassenlampen errichtet, auch auf dem Land und in sehr abgelegenen Regionen. Viele dieser Strassenlampen fielen allerdings bereits nach weniger als einem Jahr aus. <\/p>\n\n\n\n<p><em>Atualmente, existem dois Mini-Grids financiados por ONG`s na Guin\u00e9-Bissau que fornecem energia solar para alguns milhares de pessoas: em Bambadinca (no centro da Guin\u00e9-Bissau, 200kWp, inaugurado em 2016) e em Contuboel (no nordeste, 100kWp, inaugurado em 2017). Mais dois Mini-Grids est\u00e3o a ser planejados para os pr\u00f3ximos anos em Bolama e Bubaque, ambas no Arquip\u00e9lago de Bijagos. In\u00fameras l\u00e2mpadas solares de rua foram erguidas nos \u00faltimos anos, tamb\u00e9m no pa\u00eds e em regi\u00f5es muito remotas. No entanto, muitas dessas l\u00e2mpadas de rua falharam ap\u00f3s menos de um ano.<\/em><\/p>\n<\/div><\/div>\n\n\n\n<div class=\"wp-block-media-text alignwide is-stacked-on-mobile\"><figure class=\"wp-block-media-text__media\"><img loading=\"lazy\" decoding=\"async\" width=\"1024\" height=\"768\" src=\"https:\/\/www.naru-bissau.org\/wp-content\/uploads\/2019\/11\/Photos-Aug.-2019-1794-1024x768.jpg\" alt=\"\" class=\"wp-image-581 size-full\" srcset=\"https:\/\/www.naru-bissau.org\/wp-content\/uploads\/2019\/11\/Photos-Aug.-2019-1794-1024x768.jpg 1024w, https:\/\/www.naru-bissau.org\/wp-content\/uploads\/2019\/11\/Photos-Aug.-2019-1794-300x225.jpg 300w, https:\/\/www.naru-bissau.org\/wp-content\/uploads\/2019\/11\/Photos-Aug.-2019-1794-768x576.jpg 768w, https:\/\/www.naru-bissau.org\/wp-content\/uploads\/2019\/11\/Photos-Aug.-2019-1794-1536x1152.jpg 1536w, https:\/\/www.naru-bissau.org\/wp-content\/uploads\/2019\/11\/Photos-Aug.-2019-1794-2048x1536.jpg 2048w, https:\/\/www.naru-bissau.org\/wp-content\/uploads\/2019\/11\/Photos-Aug.-2019-1794-1568x1176.jpg 1568w\" sizes=\"auto, (max-width: 1024px) 100vw, 1024px\" \/><\/figure><div class=\"wp-block-media-text__content\">\n<p>Seit einigen Jahren ist einerseits die Entstehung kleiner lokaler, aber zumeist nur kurzlebiger Netze zu beobachten, die einen begrenzten Raum mit Generatorstrom zu ausgesprochen hohen Preisen versorgen (umgerechnet z.T. mehr als 1\u20ac \/ kWh). <\/p>\n\n\n\n<p><em>Desde alguns anos, observa-se o surgimento de pequenas redes locais, mas principalmente apenas de curta dura\u00e7\u00e3o, que fornecem nas imedia\u00e7\u00f5es eletricidade de gerador a pre\u00e7os extremamente altos (\u00e0s vezes mais de 1 \u20ac \/ kWh).<\/em><\/p>\n\n\n\n<p>Das Fehlen einer fl\u00e4chendeckenden und stabilen Stromversorgung ist heute das gr\u00f6sste Hindernis f\u00fcr den Beginn einer nachhaltigen \u00f6konomischen Entwicklung. <\/p>\n\n\n\n<p><em>A falta de um fornecimento de energia com uma cobertura total e est\u00e1vel \u00e9 hoje o maior obst\u00e1culo para o in\u00edcio de um desenvolvimento econ\u00f3mico sustent\u00e1<\/em><\/p>\n<\/div><\/div>\n\n\n\n<p><\/p>\n","protected":false},"excerpt":{"rendered":"<p>Stromversorgung in Guinea-Bissau. Aktuelle Situation In der Hauptstadt Bissau gibt es ein \u00f6ffentliches Stromnetz, das nicht durchg\u00e4ngig 24 Stunden am Tag Strom f\u00fcr die Haushalte der Stadt liefert. Es kommt h\u00e4ufig zu Stromabschaltungen. Das Kraftwerk in Bissau wird mit Dieselkraftstoff betrieben. In der zweitgr\u00f6ssten Stadt des Landes, in Bafata, und auch in Gab\u00fa gibt es<a class=\"more-link\" href=\"https:\/\/www.naru-bissau.org\/?page_id=184\">Continue reading <span class=\"screen-reader-text\">&#171;Stromversorgung in Guinea-Bissau, Aktuelle Situation \/  Fornecimento de energia el\u00e9trica na Guin\u00e9-Bissau, situa\u00e7\u00e3o atual&#187;<\/span><\/a><\/p>\n","protected":false},"author":1,"featured_media":0,"parent":0,"menu_order":0,"comment_status":"closed","ping_status":"closed","template":"","meta":{"footnotes":""},"class_list":["post-184","page","type-page","status-publish","hentry","entry"],"_links":{"self":[{"href":"https:\/\/www.naru-bissau.org\/index.php?rest_route=\/wp\/v2\/pages\/184","targetHints":{"allow":["GET"]}}],"collection":[{"href":"https:\/\/www.naru-bissau.org\/index.php?rest_route=\/wp\/v2\/pages"}],"about":[{"href":"https:\/\/www.naru-bissau.org\/index.php?rest_route=\/wp\/v2\/types\/page"}],"author":[{"embeddable":true,"href":"https:\/\/www.naru-bissau.org\/index.php?rest_route=\/wp\/v2\/users\/1"}],"replies":[{"embeddable":true,"href":"https:\/\/www.naru-bissau.org\/index.php?rest_route=%2Fwp%2Fv2%2Fcomments&post=184"}],"version-history":[{"count":12,"href":"https:\/\/www.naru-bissau.org\/index.php?rest_route=\/wp\/v2\/pages\/184\/revisions"}],"predecessor-version":[{"id":685,"href":"https:\/\/www.naru-bissau.org\/index.php?rest_route=\/wp\/v2\/pages\/184\/revisions\/685"}],"wp:attachment":[{"href":"https:\/\/www.naru-bissau.org\/index.php?rest_route=%2Fwp%2Fv2%2Fmedia&parent=184"}],"curies":[{"name":"wp","href":"https:\/\/api.w.org\/{rel}","templated":true}]}}