{"id":198,"date":"2019-11-01T19:12:24","date_gmt":"2019-11-01T19:12:24","guid":{"rendered":"https:\/\/narubissau.wordpress.com\/?page_id=198"},"modified":"2022-09-20T13:35:49","modified_gmt":"2022-09-20T13:35:49","slug":"vorstand","status":"publish","type":"page","link":"https:\/\/www.naru-bissau.org\/?page_id=198","title":{"rendered":"Kontakt \/ Vorstand"},"content":{"rendered":"\n<p class=\"has-text-align-center\" style=\"font-size:50px\">Contacto \/ Conselho de administra\u00e7\u00e3o<\/p>\n\n\n\n<p><\/p>\n\n\n\n<p><\/p>\n\n\n\n<p><strong>NARU Navitas Ruralium<\/strong><br>Bissau<br>Guinea-Bissau<br>info@naru-bissau.org<br><br><\/p>\n\n\n\n<p><\/p>\n\n\n\n<p><\/p>\n\n\n\n<p><\/p>\n\n\n\n<p><strong>Reinder Bouwmeester<\/strong> (Bissau), Pr\u00e4sident, Projektentwicklung, technische Projektleitung und Entwicklung \/ <em>Presidente, Desenvolvimento e Gerenciamento T\u00e9cnico de Projetos<\/em>. <br>Kontakt: r.bouwmeester@naru-bissau.org<\/p>\n\n\n\n<p><strong>Andreas Hellmann<\/strong> (Z\u00fcrich), Vizepr\u00e4sident, Projektentwicklung und Kommunikation, technische Entwicklung \/  Vice-presidente,  Desenvolvimento e Comunica\u00e7\u00e3o t\u00e9cnico de Projetos<br>Kontakt: a.hellmann@naru-bissau.org<\/p>\n\n\n\n<p><strong>Michiel van der Want<\/strong> (Z\u00fcrich), Projektentwicklung, Kommunikation, Finanzen \/ Desenvolvimento de Projetos e Comunica\u00e7\u00e3o<br>Kontakt:m.vanderwant@naru-bissau.org<\/p>\n\n\n\n<p><strong>Abr\u00e3o Lopes Vaz<\/strong> (Bissau), Leitung Ausbildungsbereich Informatik \/  Chefe da \u00e1rea Forma\u00e7\u00e3o TI<br>Kontakt: a.lopes@naru-bissau.org<\/p>\n\n\n\n<p><strong>Aissiato Dab\u03cc <\/strong>(Bissau), Sekret\u00e4rin, Leitung Ausbildungsbereich Administration \/  Chefe de Forma\u00e7\u00e3o Administrativo<br>Kontakt: a.dabo@naru-bissau.org<\/p>\n\n\n\n<p><\/p>\n","protected":false},"excerpt":{"rendered":"<p>Contacto \/ Conselho de administra\u00e7\u00e3o NARU Navitas RuraliumBissauGuinea-Bissauinfo@naru-bissau.org Reinder Bouwmeester (Bissau), Pr\u00e4sident, Projektentwicklung, technische Projektleitung und Entwicklung \/ Presidente, Desenvolvimento e Gerenciamento T\u00e9cnico de Projetos. Kontakt: r.bouwmeester@naru-bissau.org Andreas Hellmann (Z\u00fcrich), Vizepr\u00e4sident, Projektentwicklung und Kommunikation, technische Entwicklung \/ Vice-presidente, Desenvolvimento e Comunica\u00e7\u00e3o t\u00e9cnico de ProjetosKontakt: a.hellmann@naru-bissau.org Michiel van der Want (Z\u00fcrich), Projektentwicklung, Kommunikation, Finanzen \/ Desenvolvimento<a class=\"more-link\" href=\"https:\/\/www.naru-bissau.org\/?page_id=198\">Continue reading <span class=\"screen-reader-text\">&#171;Kontakt \/ Vorstand&#187;<\/span><\/a><\/p>\n","protected":false},"author":1,"featured_media":0,"parent":0,"menu_order":0,"comment_status":"closed","ping_status":"closed","template":"","meta":{"footnotes":""},"class_list":["post-198","page","type-page","status-publish","hentry","entry"],"_links":{"self":[{"href":"https:\/\/www.naru-bissau.org\/index.php?rest_route=\/wp\/v2\/pages\/198","targetHints":{"allow":["GET"]}}],"collection":[{"href":"https:\/\/www.naru-bissau.org\/index.php?rest_route=\/wp\/v2\/pages"}],"about":[{"href":"https:\/\/www.naru-bissau.org\/index.php?rest_route=\/wp\/v2\/types\/page"}],"author":[{"embeddable":true,"href":"https:\/\/www.naru-bissau.org\/index.php?rest_route=\/wp\/v2\/users\/1"}],"replies":[{"embeddable":true,"href":"https:\/\/www.naru-bissau.org\/index.php?rest_route=%2Fwp%2Fv2%2Fcomments&post=198"}],"version-history":[{"count":22,"href":"https:\/\/www.naru-bissau.org\/index.php?rest_route=\/wp\/v2\/pages\/198\/revisions"}],"predecessor-version":[{"id":709,"href":"https:\/\/www.naru-bissau.org\/index.php?rest_route=\/wp\/v2\/pages\/198\/revisions\/709"}],"wp:attachment":[{"href":"https:\/\/www.naru-bissau.org\/index.php?rest_route=%2Fwp%2Fv2%2Fmedia&parent=198"}],"curies":[{"name":"wp","href":"https:\/\/api.w.org\/{rel}","templated":true}]}}

<p class="has-text-align-center" style="font-size:50px">Contacto / Conselho de administração</p>



<p></p>



<p></p>



<p><strong>NARU Navitas Ruralium</strong><br>Bissau<br>Guinea-Bissau<br>info@naru-bissau.org<br><br></p>



<p></p>



<p></p>



<p></p>



<p><strong>Reinder Bouwmeester</strong> (Bissau), Präsident, Projektentwicklung, technische Projektleitung und Entwicklung / <em>Presidente, Desenvolvimento e Gerenciamento Técnico de Projetos</em>. <br>Kontakt: r.bouwmeester@naru-bissau.org</p>



<p><strong>Andreas Hellmann</strong> (Zürich), Vizepräsident, Projektentwicklung und Kommunikation, technische Entwicklung /  Vice-presidente,  Desenvolvimento e Comunicação técnico de Projetos<br>Kontakt: a.hellmann@naru-bissau.org</p>



<p><strong>Michiel van der Want</strong> (Zürich), Projektentwicklung, Kommunikation, Finanzen / Desenvolvimento de Projetos e Comunicação<br>Kontakt:m.vanderwant@naru-bissau.org</p>



<p><strong>Abrão Lopes Vaz</strong> (Bissau), Leitung Ausbildungsbereich Informatik /  Chefe da área Formação TI<br>Kontakt: a.lopes@naru-bissau.org</p>



<p><strong>Aissiato Dabό </strong>(Bissau), Sekretärin, Leitung Ausbildungsbereich Administration /  Chefe de Formação Administrativo<br>Kontakt: a.dabo@naru-bissau.org</p>



<p></p>

<p>Contacto / Conselho de administração NARU Navitas RuraliumBissauGuinea-Bissauinfo@naru-bissau.org Reinder Bouwmeester (Bissau), Präsident, Projektentwicklung, technische Projektleitung und Entwicklung / Presidente, Desenvolvimento e Gerenciamento Técnico de Projetos. Kontakt: r.bouwmeester@naru-bissau.org Andreas Hellmann (Zürich), Vizepräsident, Projektentwicklung und Kommunikation, technische Entwicklung / Vice-presidente, Desenvolvimento e Comunicação técnico de ProjetosKontakt: a.hellmann@naru-bissau.org Michiel van der Want (Zürich), Projektentwicklung, Kommunikation, Finanzen / Desenvolvimento<a class="more-link" href="https://www.naru-bissau.org/?page_id=198">Continue reading <span class="screen-reader-text">&#171;Kontakt / Vorstand&#187;</span></a></p>
